at is the tens digit of 43?
4
What is the tens digit of 7047?
4
What is the hundreds digit of 181398?
3
What is the units digit of 2202?
2
What is the units digit of 11019?
9
What is the hundreds digit of 40613?
6
What is the units digit of 618?
8
What is the tens digit of 4685?
8
What is the hundreds digit of 2210?
2
What is the units digit of 138953?
3
What is the thousands digit of 1724?
1
What is the thousands digit of 8136?
8
What is the tens digit of 884?
8
What is the thousands digit of 64951?
4
What is the tens digit of 3586?
8
What is the units digit of 2536?
6
What is the units digit of 104499?
9
What is the tens digit of 2224?
2
What is the hundreds digit of 60817?
8
What is the ten thousands digit of 13470?
1
What is the hundreds digit of 18948?
9
What is the hundreds digit of 1950?
9
What is the tens digit of 4900?
0
What is the units digit of 1219?
9
What is the tens digit of 11340?
4
What is the hundreds digit of 138224?
2
What is the tens digit of 97800?
0
What is the units digit of 2238?
8
What is the tens digit of 2795?
9
What is the hundreds digit of 5328?
3
What is the units digit of 46002?
2
What is the units digit of 2180?
0
What is the thousands digit of 1207?
1
What is the hundreds digit of 65298?
2
What is the thousands digit of 32561?
2
What is the units digit of 31030?
0
What is the tens digit of 796?
9
What is the hundreds digit of 1008?
0
What is the hundreds digit of 4121?
1
What is the hundreds digit of 389?
3
What is the hundreds digit of 5313?
3
What is the tens digit of 7565?
6
What is the thousands digit of 2701?
2
What is the thousands digit of 1572?
1
What is the hundreds digit of 805?
8
What is the units digit of 2628?
8
What is the ten thousands digit of 57831?
5
What is the units digit of 369?
9
What is the hundreds digit of 11463?
4
What is the hundreds digit of 32375?
3
What is the units digit of 2420?
0
What is the tens digit of 32191?
9
What is the tens digit of 10184?
8
What is the hundreds digit of 91516?
5
What is the tens digit of 1960?
6
What is the hundreds digit of 692?
6
What is the tens digit of 4909?
0
What is the ten thousands digit of 10821?
1
What is the ten thousands digit of 27132?
2
What is the units digit of 282?
2
What is the thousands digit of 105686?
5
What is the hundreds digit of 57722?
7
What is the tens digit of 4536?
3
What is the hundreds digit of 398?
3
What is the hundreds digit of 1308?
3
What is the units digit of 2250?
0
What is the thousands digit of 6522?
6
What is the units digit of 2244?
4
What is the units digit of 2036?
6
What is the hundreds digit of 629?
6
What is the units digit of 2041?
1
What is the units digit of 50229?
9
What is the units digit of 1212?
2
What is the units digit of 5785?
5
What is the units digit of 1505?
5
What is the tens digit of 407?
0
What is the hundreds digit of 2693?
6
What is the tens digit of 751?
5
What is the ten thousands digit of 21425?
2
What is the units digit of 3013?
3
What is the thousands digit of 1525?
1
What is the thousands digit of 2963?
2
What is the tens digit of 1146?
4
What is the units digit of 1850?
0
What is the tens digit of 36846?
4
What is the thousands digit of 3937?
3
What is the units digit of 210?
0
What is the tens digit of 281?
8
What is the hundreds digit of 97324?
3
What is the units digit of 4764?
4
What is the hundreds digit of 3572?
5
What is the hundreds digit of 1375?
3
What is the units digit of 49396?
6
What is the hundreds digit of 3037?
0
What is the units digit of 48?
8
What is the hundreds digit of 267?
2
What is the ten thousands digit of 156170?
5
What is the units digit of 2467?
7
What is the units digit of 8271?
1
What is the units digit of 17151?
1
What is the hundreds digit of 15267?
2
What is the ten thousands digit of 43321?
4
What is the tens digit of 2773?
7
What is the units digit of 582?
2
What is the hundreds digit of 4434?
4
What is the units digit of 12167?
7
What is the thousands digit of 1532?
1
What is the tens digit of 1296?
9
What is the hundreds digit of 11501?
5
What is the hundreds digit of 693?
6
What is the thousands digit of 2896?
2
What is the ten thousands digit of 23386?
2
What is the tens digit of 4843?
4
What is the tens digit of 17693?
9
What is the units digit of 20990?
0
What is the hundreds digit of 39845?
8
What is the tens digit of 2812?
1
What is the tens digit of 2231?
3
What is the tens digit of 6058?
5
What is the hundreds digit of 6443?
4
What is the tens digit of 868?
6
What is the tens digit of 767?
6
What is the hundreds digit of 737?
7
What is the thousands digit of 14926?
4
What is the units digit of 5153?
3
What is the tens digit of 722?
2
What is the ten thousands digit of 15699?
1
What is the thousands digit of 20216?
0
What is the hundreds digit of 7341?
3
What is the thousands digit of 12087?
2
What is the tens digit of 5068?
6
What is the units digit of 10997?
7
What is the thousands digit of 11268?
1
What is the thousands digit of 2706?
2
What is the tens digit of 276?
7
What is the units digit of 660?
0
What is the hundreds digit of 49363?
3
What is the units digit of 547?
7
What is the tens digit of 15184?
8
What is the units digit of 17116?
6
What is the hundreds digit of 38698?
6
What is the thousands digit of 135640?
5
What is the tens digit of 199?
9
What is the tens digit of 126448?
4
What is the thousands digit of 127153?
7
What is the tens digit of 1418?
1
What is the tens digit of 12?
1
What is the thousands digit of 14398?
4
What is the hundreds digit of 1667?
6
What is the tens digit of 5346?
4
What is the thousands digit of 87788?
7
What is the thousands digit of 12661?
2
What is the thousands digit of 1802?
1
What is the hundreds digit of 281?
2
What is the units digit of 10539?
9
What is the hundreds digit of 37782?
7
What is the tens digit of 9066?
6
What is the ten thousands digit of 44600?
4
What is the ten thousands digit of 29553?
2
What is the hundreds digit of 3069?
0
What is the hundreds digit of 2374?
3
What is the tens digit of 47517?
1
What is the units digit of 2105?
5
What is the units digit of 1872?
2
What is the thousands digit of 3306?
3
What is the thousands digit of 9033?
9
What is the tens digit of 2811?
1
What is the units digit of 3072?
2
What is the units digit of 52491?
1
What is the units digit of 19243?
3
What is the ten thousands digit of 72217?
7
What is the hundreds digit of 12762?
7
What is the thousands digit of 6856?
6
What is the ten thousands digit of 20857?
2
What is the hundreds digit of 2088?
0
What is the hundreds digit of 2204?
2
What is the ten thousands digit of 45270?
4
What is the units digit of 100144?
4
What is the hundreds digit of 3744?
7
What is the hundreds digit of 391?
3
What is the thousands digit of 8682?
8
What is the hundreds digit of 6184?
1
What is the hundreds digit of 974?
9
What is the hundreds digit of 248?
2
What is the thousands digit of 3014?
3
What is the hundreds digit of 3325?
3
What is the hundred thousands digit of 134729?
1
What is the thousands digit of 50334?
0
What is the units digit of 14?
4
What is the units digit of 306?
6
What is the hundreds digit of 5208?
2
What is the ten thousands digit of 80720?
8
What is the units digit of 70?
0
What is the hundreds digit of 8158?
1
What is the units digit of 6250?
0
What is the tens digit of 148?
4
What is the units digit of 3155?
5
What is the thousands digit of 13613?
3
What is the units digit of 312?
2
What is the tens digit of 7516?
1
What is the hundreds digit of 795?
7
What is the tens digit of 1155?
5
What is the tens digit of 3094?
9
What is the tens digit of 13998?
9
What is the units digit of 303?
3
What is the tens digit of 21910?
1
What is the thousands digit of 7157?
7
What is the units digit of 61078?
8
What is the tens digit of 3032?
3
What is the tens digit of 992?
9
What is the units digit of 7741?
1
What is the units digit of 48509?
9
What is the units digit of 928?
8
What is the hundreds digit of 470?
4
What is the thousands digit of 1891?
1
What is the thousands digit of 51633?
1
What is the tens digit of 5364?
6
What is the tens digit of 310?
1
What is the thousands digit of 7118?
7
What is the thousands digit of 13047?
3
What is the thousands digit of 33400?
3
What is the thousan